150.
141
Calculate the remainder when 392 is divided by 143.
106
What is the remainder when 1583 is divided by 424?
311
What is the remainder when 30 is divided by 1?
0
What is the remainder when 240 is divided by 19?
12
Calculate the remainder when 810 is divided by 155.
35
What is the remainder when 1026 is divided by 13?
12
Calculate the remainder when 245 is divided by 8.
5
What is the remainder when 131 is divided by 28?
19
Calculate the remainder when 25547 is divided by 4.
3
Calculate the remainder when 168 is divided by 39.
12
What is the remainder when 238 is divided by 9?
4
What is the remainder when 687 is divided by 10?
7
Calculate the remainder when 1163 is divided by 147.
134
Calculate the remainder when 1429 is divided by 476.
1
What is the remainder when 1287 is divided by 71?
9
What is the remainder when 16 is divided by 1?
0
Calculate the remainder when 152 is divided by 5.
2
What is the remainder when 37 is divided by 6?
1
What is the remainder when 210 is divided by 45?
30
What is the remainder when 10656 is divided by 260?
256
What is the remainder when 310 is divided by 161?
149
Calculate the remainder when 830 is divided by 101.
22
What is the remainder when 194 is divided by 39?
38
Calculate the remainder when 1574 is divided by 63.
62
Calculate the remainder when 265 is divided by 130.
5
What is the remainder when 58 is divided by 18?
4
Calculate the remainder when 56 is divided by 12.
8
What is the remainder when 983 is divided by 58?
55
Calculate the remainder when 1300 is divided by 6.
4
Calculate the remainder when 334 is divided by 32.
14
What is the remainder when 2488 is divided by 94?
44
Calculate the remainder when 1231 is divided by 13.
9
What is the remainder when 219 is divided by 208?
11
What is the remainder when 6710 is divided by 181?
13
What is the remainder when 6104 is divided by 47?
41
What is the remainder when 9502 is divided by 221?
220
What is the remainder when 435 is divided by 23?
21
Calculate the remainder when 216 is divided by 29.
13
What is the remainder when 537 is divided by 49?
47
Calculate the remainder when 3054 is divided by 506.
18
Calculate the remainder when 339 is divided by 162.
15
Calculate the remainder when 303 is divided by 16.
15
Calculate the remainder when 86 is divided by 8.
6
Calculate the remainder when 1037 is divided by 203.
22
What is the remainder when 929 is divided by 97?
56
Calculate the remainder when 25919 is divided by 192.
191
What is the remainder when 186 is divided by 11?
10
What is the remainder when 87 is divided by 30?
27
What is the remainder when 362 is divided by 137?
88
What is the remainder when 149 is divided by 25?
24
Calculate the remainder when 7496 is divided by 59.
3
Calculate the remainder when 205 is divided by 42.
37
What is the remainder when 3233 is divided by 22?
21
Calculate the remainder when 6 is divided by 1.
0
Calculate the remainder when 832 is divided by 49.
48
What is the remainder when 141 is divided by 4?
1
Calculate the remainder when 11090 is divided by 3696.
2
Calculate the remainder when 53 is divided by 19.
15
Calculate the remainder when 48 is divided by 13.
9
What is the remainder when 107 is divided by 27?
26
What is the remainder when 9039 is divided by 137?
134
Calculate the remainder when 307 is divided by 15.
7
What is the remainder when 153 is divided by 48?
9
What is the remainder when 374 is divided by 141?
92
Calculate the remainder when 93 is divided by 17.
8
What is the remainder when 346 is divided by 115?
1
What is the remainder when 474 is divided by 26?
6
What is the remainder when 158 is divided by 155?
3
What is the remainder when 526 is divided by 129?
10
Calculate the remainder when 699 is divided by 101.
93
What is the remainder when 1438 is divided by 17?
10
Calculate the remainder when 6478 is divided by 7.
3
What is the remainder when 386 is divided by 28?
22
What is the remainder when 39 is divided by 12?
3
What is the remainder when 696 is divided by 35?
31
Calculate the remainder when 141 is divided by 4.
1
Calculate the remainder when 159 is divided by 39.
3
What is the remainder when 944 is divided by 45?
44
Calculate the remainder when 5244 is divided by 53.
50
Calculate the remainder when 1548 is divided by 50.
48
Calculate the remainder when 28 is divided by 8.
4
Calculate the remainder when 97 is divided by 1.
0
What is the remainder when 20 is divided by 2?
0
Calculate the remainder when 1242 is divided by 1221.
21
Calculate the remainder when 103 is divided by 18.
13
Calculate the remainder when 45162 is divided by 14.
12
What is the remainder when 1105 is divided by 276?
1
What is the remainder when 1224 is divided by 305?
4
Calculate the remainder when 158 is divided by 72.
14
Calculate the remainder when 8784 is divided by 29.
26
What is the remainder when 449 is divided by 45?
44
Calculate the remainder when 207 is divided by 116.
91
What is the remainder when 1124 is divided by 189?
179
Calculate the remainder when 1948 is divided by 26.
24
Calculate the remainder when 599 is divided by 19.
10
What is the remainder when 149 is divided by 11?
6
Calculate the remainder when 1218 is divided by 397.
27
What is the remainder when 37 is divided by 11?
4
What is the remainder when 188 is divided by 95?
93
Calculate the remainder when 1216 is divided by 11.
6
Calculate the remainder when 1222 is divided by 112.
102
Calculate the remainder when 1541 is divided by 284.
121
Calculate the remainder when 1293 is divided by 21.
12
Calculate the remainder when 16668 is divided by 5555.
3
What is the remainder when 173 is divided by 26?
17
What is the remainder when 53 is divided by 5?
3
What is the remainder when 76 is divided by 11?
10
What is the remainder when 2412 is divided by 21?
18
What is the remainder when 280 is divided by 33?
16
What is the remainder when 618 is divided by 17?
6
What is the remainder when 224 is divided by 54?
8
What is the remainder when 259 is divided by 108?
43
What is the remainder when 649 is divided by 167?
148
What is the remainder when 1493 is divided by 44?
41
Calculate the remainder when 789 is divided by 18.
15
What is the remainder when 634 is divided by 87?
25
What is the remainder when 104 is divided by 47?
10
What is the remainder when 85 is divided by 68?
17
What is the remainder when 214 is divided by 44?
38
What is the remainder when 684 is divided by 3?
0
What is the remainder when 64 is divided by 23?
18
What is the remainder when 2013 is divided by 42?
39
Calculate the remainder when 59 is divided by 21.
17
What is the remainder when 504 is divided by 39?
36
What is the remainder when 8227 is divided by 60?
7
Calculate the remainder when 354 is divided by 172.
10
What is the remainder when 358 is divided by 94?
76
What is the remainder when 74 is divided by 39?
35
Calculate the remainder when 2497 is divided by 7.
5
Calculate the remainder when 3418 is divided by 1138.
4
Calculate the remainder when 127 is divided by 52.
23
Calculate the remainder when 4363 is divided by 257.
251
Calculate the remainder when 48 is divided by 8.
0
Calculate the remainder when 206 is divided by 9.
8
What is the remainder when 1584 is divided by 159?
153
What is the remainder when 53 is divided by 28?
25
Calculate the remainder when 558 is divided by 33.
30
Calculate the remainder when 309 is divided by 27.
12
Calculate the remainder when 1056 is divided by 316.
108
Calculate the remainder when 118 is divided by 29.
2
What is the remainder when 834 is divided by 44?
42
What is the remainder when 445 is divided by 155?
135
What is the remainder when 1939 is divided by 37?
15
Calculate the remainder when 410 is divided by 25.
10
What is the remainder when 233 is divided by 39?
38
Calculate the remainder when 20584 is divided by 115.
114
Calculate the remainder when 98 is divided by 24.
2
Calculate the remainder when 303 is divided by 32.
15
Calculate the remainder when 405 is divided by 130.
15
What is the remainder when 176 is divided by 15?
11
What is the remainder when 77 is divided by 33?
11
Calculate the remainder when 4640 is divided by 22.
20
Calculate the remainder when 506 is divided by 17.
13
What is the remainder when 419 is divided by 47?
43
Calculate